the prime factors of w.
2, 3
Let u be (-3)/15 - (-124)/20. Suppose 5*f = -3*k + 2, 12 = -k + u*k + 4*f. Suppose 3*r - 48 = -z, -r + 11 + 5 = -k*z. What are the prime factors of r?
2
Suppose r + 3*r = q - 34, 4*r = 4*q - 100. Suppose -q*x + 14*x = -744. What are the prime factors of x?
3, 31
Suppose -67*i + 11048 = -59*i. List the prime factors of i.
1381
Let r(w) be the first derivative of -w**3/3 - 13*w**2/2 - 15*w - 1. Let f be r(-12). List the prime factors of f/1*(-5 + 4).
3
Let b be 3 - (-3 - -1)*1. Let h(v) be the third derivative of v**5/60 + 5*v**3/6 + 3*v**2. What are the prime factors of h(b)?
2, 3, 5
Let l(q) = -q - 1. Let j be l(-9). Suppose 0*n + n - j = -y, -3*n - 1 = -2*y. Suppose y*a = 5*k + 150, -a + 2*k + 2 + 32 = 0. What are the prime factors of a?
2, 13
Let x(o) = o**2 - 5*o - 6. Suppose 2*u + 4*t - 24 = 0, -3*t + 10 = 5*u - 29. Let n be x(u). List the prime factors of -1 + -3 - -7 - n.
3
Suppose g - 1109 = -0*g - 2*l, -l = -1. What are the prime factors of g?
3, 41
Let z = 498 + 615. What are the prime factors of z?
3, 7, 53
Let h(y) = -27*y. Let p be h(-7). Suppose -t + p = 6*t. What are the prime factors of t?
3
Suppose -4*n - 133 = o, 5*n + 6*o - 3*o + 175 = 0. Let b = n + 89. List the prime factors of b.
3, 19
Let z(t) = -t**3 - t**2 + 2. Suppose 4 = -2*x - 0. Let i be z(x). Let l(n) = 4*n - 15. List the prime factors of l(i).
3
Let t(g) = -g**2 + 2*g + 42. Let q be t(0). What are the prime factors of ((-140)/q)/((-4)/78)?
5, 13
Suppose -8*l - 144 = -11*l. Suppose 0 = -7*d + 4*d + l. What are the prime factors of d?
2
Suppose -5*f = b + 2*b - 595, f = -b + 197. What are the prime factors of b?
3, 5, 13
Suppose 4*u + 4 = -d - 3*d, 3*u = 3*d + 21. Let v be (-80)/(-10) - 1*u. Suppose 0 = 2*r + v*a - 9, 3*a + 24 = r + 2*r. List the prime factors of r.
7
Suppose 0 = -k - 2*k + 78. Let j = k + -18. Let n(z) = -z**3 + 9*z**2 - 6*z - 7. What are the prime factors of n(j)?
3
Let o = 503 - -731. List the prime factors of o.
2, 617
Let k(p) = -p - 42. Let i be k(16). Let t = 77 + i. List the prime factors of t.
19
Let u(n) = 2*n**2 + 9*n - 1. Let y be u(-14). Suppose -w + y = 4*w. What are the prime factors of w?
53
Let m(x) = x**3 - 5*x**2 + 14*x - 59. List the prime factors of m(12).
1117
Suppose -11*v = -687 - 1403. List the prime factors of v.
2, 5, 19
Suppose 0*h = -2*h - 6. Let n = h + -12. Let l = 27 - n. What are the prime factors of l?
2, 3, 7
Let n = -22 + 25. Suppose 0 = -y - 2*z + 202, 0 = -n*y - z + 2*z + 634. List the prime factors of y.
2, 3, 5, 7
Suppose -4*y - 4*i + 12 = -0*y, -3*i + 7 = y. Let x be (2 - 2) + y - -3. Suppose 2*z - x*z - 4 = 0, -q + 3*z = -39. List the prime factors of q.
3, 11
Let l(m) = 47*m**2 - 24*m + 84. List the prime factors of l(8).
2, 5, 29
Suppose -482 - 18772 = -5*g - m, 4*m = 4*g - 15384. List the prime factors of g.
2, 5, 7, 11
Suppose 0 = 94*m - 90*m - 4552. What are the prime factors of m?
2, 569
Let z be 5*(-5 + (-126)/(-30)). What are the prime factors of -5*2/1*(z + -24)?
2, 5, 7
Suppose -4*q = q - 2*f - 5256, -2*q + 2112 = 4*f. What are the prime factors of q?
2, 263
Suppose 210 - 1354 = -11*x. Suppose 0 = -2*l - 4*g + x, 3*l + 0*l = -5*g + 160. List the prime factors of l.
2, 3, 5
Let b(k) = -11*k - 43. Let t(r) = -r - 31. Let y be t(-17). List the prime factors of b(y).
3, 37
Let c be (-1 + -1)*1 - 62. Let t = c - -80. What are the prime factors of t?
2
Let c = -28 + 73. List the prime factors of c.
3, 5
Let x(s) = -s**3 + 11*s**2 - 13*s + 2. Let g be x(9). Suppose -o - 26 = -t, -g = 5*o - t + 71. Let d = -15 - o. List the prime factors of d.
2
Suppose 5*p - 309 - 186 = 0. Suppose g - p + 15 = 0. List the prime factors of g.
2, 3, 7
Let q = -84 + 160. Let j = 75 + q. List the prime factors of j.
151
Suppose -u + 4*o + 227 = -1587, u - 2*o = 1824. What are the prime factors of u?
2, 7, 131
Let x = 53 - 97. Let d = 1 - x. What are the prime factors of d?
3, 5
Let b be -2 + 3 + 1024/4. Let j = 361 - b. What are the prime factors of j?
2, 13
Let y(x) = 20 + 14 - 6*x + x - 10. What are the prime factors of y(-11)?
79
Let x be (9 - 13)*(3/6)/(-1). What are the prime factors of (x - -277) + 1 + (3 - 8)?
5, 11
Let g(d) = d - d + 52 - 2*d**2 + d + 3*d**2. Let r be g(0). Let f = -33 + r. What are the prime factors of f?
19
Let t = -91 + 48. Let q = 18 - t. What are the prime factors of q?
61
Suppose -5*m = -0*m. Suppose -4*r = -3*r + q - 159, q - 1 = m. List the prime factors of r.
2, 79
Let s(c) = 3*c**2 - 5*c + 3. Let q be s(3). Suppose 8*t - 4*t - 82 = -5*x, q = 5*t. List the prime factors of x.
2, 7
Suppose 0*v + 217 = -v. Let s = v - -347. Suppose 3 = 7*a - s. What are the prime factors of a?
19
Let p(a) = a**3 - a**2 - a. Let r be p(2). Suppose -4*h + 28 = 3*x - 2*x, -r*x = -5*h - 56. Suppose 0 = 2*b + 4 - x. List the prime factors of b.
2, 3
Suppose 16 = -4*p, 9*u - 5*p = 5*u + 844. List the prime factors of u.
2, 103
Let t(s) = -s**2 + 5*s + 4*s + 0*s + 9*s - 10. Let k be t(10). Suppose -3*m + 4*a = -k, -16 = 2*a + 2*a. What are the prime factors of m?
2, 3
Let o be (-3)/(3/((-6)/2)). What are the prime factors of (-5)/30*-106*o?
53
Suppose 4*r - 2*y - 7036 = 0, -74*r + 71*r + 4*y = -5287. What are the prime factors of r?
7, 251
What are the prime factors of -1*((-36)/(-6) + -488)?
2, 241
Let w(n) = 25*n - 1. Let l be w(-2). Suppose -3*k + 287 = -0*c + 2*c, 386 = 4*k + c. Let h = l + k. What are the prime factors of h?
2, 23
Let g(n) be the first derivative of -21*n**2/2 - 7*n + 6. Let m be g(3). Let r = m - -100. List the prime factors of r.
2, 3, 5
Let m = -14 - -19. Suppose -c - 20 = -s, m*c + 0*c - 2*s + 103 = 0. What are the prime factors of (-48)/(-28) - 6/c?
2
What are the prime factors of 2 - (-12)/(4/1) - -205?
2, 3, 5, 7
Suppose 0 = -4*b + 2*x + 8 + 2, -b + 5*x + 7 = 0. Suppose -4*o = u - b*u - 13, 2*u = 4*o - 14. Suppose o*g + 79 = 4*g. What are the prime factors of g?
79
Let v(z) = -z + 85. What are the prime factors of v(-17)?
2, 3, 17
Suppose 0 = -3*o + 5*t - 10 + 2, 5*t = 5. Let d(z) = -201*z. What are the prime factors of d(o)?
3, 67
Let h(m) = -255*m**2 - m + 3. Let y be h(1). Let b = y - -385. List the prime factors of b.
2, 3, 11
Let r = 24 + -179. Let t = 267 + r. List the prime factors of t.
2, 7
Suppose -3*p = -n + 276 - 10, 446 = -5*p + n. Let y = -43 - p. What are the prime factors of y?
47
Suppose 2*w - 5*u = 0, 4*u - 3*u = 0. Let n be (-12)/3*-2 + w. List the prime factors of 441/15 - n/20.
29
Let i(d) = 233*d + 40. What are the prime factors of i(2)?
2, 11, 23
Suppose 0*g + 2*x = -5*g - 21, g + x + 6 = 0. Let o be (-1)/(-1) + g + -4. List the prime factors of (-1)/o - (-404)/24.
17
List the prime factors of ((-63)/(5 - 14))/(2/78).
3, 7, 13
Let y = 25 - 70. Let a = y - -83. What are the prime factors of a?
2, 19
Let x = -414 - -778. Suppose -4*v + 4*n = -x, -n + 5*n + 454 = 5*v. List the prime factors of v.
2, 3, 5
Suppose -r + 6*r = 15. Suppose -k + f = -r*k + 250, k = 4*f + 116. Suppose 0 = -10*u + 6*u + k. List the prime factors of u.
31
Let f(b) = b + 17. Let o be f(0). Let c = -12 + o. Let x = 15 - c. What are the prime factors of x?
2, 5
Let v = 10240 + -6470. List the prime factors of v.
2, 5, 13, 29
Suppose 3*o - 7*o + 75 = b, -2*o + 144 = 2*b. Suppose 11 = -4*u + b. List the prime factors of (56/(-20))/((-3)/u).
2, 7
Let c = 16 - 19. List the prime factors of -14*c*5/15.
2, 7
Let z be (-8)/(-36) - (-125)/45. Let n(r) = 31*r + 2. Let a be n(2). Suppose -z*i + 211 + a = 5*d, 4*d - 220 = -4*i. List the prime factors of d.
5, 11
Let j = -44 - -52. List the prime factors of ((-1)/4 - j/(-8))*164.
3, 41
Let x = -13 + 53. Suppose -x = -7*r + 3*r. List the prime factors of 784/10 + (-4)/r.
2, 3, 13
Let h = 17 - 17. Let c be (-2 - h)*(-129)/6. Suppose 4*a + c = n + 2*a, 0 = -a + 5. What are the prime factors of n?
53
Let u(m) = 3*m - 27. Let z be u(12). List the prime factors of z + -9 + 48 + 0.
2, 3
Let a(c) = -c + 3. Let m(v) = -v - 2. Let o(n) = -5*a(n) + m(n). Suppose h = -5*s + 4, -2*h + 24 = -h - 5*s. List the prime factors of o(h).
3, 13
Let m = 48 - 8. Suppose -5*s + 2*x - m = 4*x, 0 = -4*s - 5*x - 32. List the prime factors of -4*(1 + 90/s).
41
Suppose 3*q - 2854 = -2*b + 7*q, -2851 = -2*b + 3*q. List the prime factors of b.
7, 29
What ar